= 0, 5*x + t + 22 = 2. Calculate the remainder when (-2 - -35)*(x + 95/15) is divided by 23*(3 + (-6)/3).
21
What is the remainder when 1537 is divided by (-10 - -22) + -9 - -8?
8
Let c(o) = o**2 + 217. Let u(y) = -y**3 + 29*y**2 + 25*y + 1221. What is the remainder when c(0) is divided by u(31)?
69
Let y = -152 - -407. Let f be y/34*(-12)/(-5). What is the remainder when 48/f*78/8 is divided by 9?
8
Suppose -24 = -3*n + 2*y, -5*n - 65*y = -61*y - 62. Suppose 5*z - 59 = -24. Calculate the remainder when n is divided by z.
3
Let u = -17 + 149. Let h(t) = t**2 + 25*t + 54. Calculate the remainder when u is divided by h(-23).
4
Suppose 617*a + 687144 - 927764 - 4078997 = 0. Calculate the remainder when a is divided by 18.
17
Suppose 4*d = 618 + 346. What is the remainder when d is divided by (13/(-2))/(6/(-12))?
7
Let l = 162 + -159. Let t be (-4 + 1 - -41) + 1. Suppose 0*c = -3*c - l*n + t, -n - 3 = 0. What is the remainder when 62 is divided by c?
14
Suppose -103*v + 107*v + 544 = 0. Let r = v - -77. Let c = -39 - r. Calculate the remainder when 238 is divided by c.
18
Let u(n) = 2*n**3 - 5*n**2 + 4*n + 20. Let p be u(-4). Let a = 211 + p. What is the remainder when 34 is divided by a?
6
Let h(a) = a**2 - 37*a + 147. What is the remainder when 446 is divided by h(4)?
11
Let l be ((-6)/(-27))/(-1) - (-908)/36. Suppose -l*d + 549 = -126. Calculate the remainder when d is divided by 9.
0
Let u(n) = 5*n + 9. Let c be (33/(-6) - -3)/((-6)/228). Let g = c + -83. Calculate the remainder when u(g) is divided by 19.
12
Suppose -3*h = y + 2*h + 15, -5*y + 21 = h. Suppose -301 - 129 = -y*t. What is the remainder when t is divided by 39?
8
Let d(g) = -g**3 + 21*g**2 + 3*g - 63. Let p be d(21). Calculate the remainder when (-1263)/(-1) + p/43 is divided by 79.
78
Let u(a) = -13*a + 2. Let s be u(-2). Let h = -71 - -84. Let i = s - h. Calculate the remainder when i is divided by 6.
3
Suppose -511*i = -534*i + 437. What is the remainder when 394 is divided by i?
14
Suppose 4*l + 0 = 4. Let o = -1803 - -1806. Calculate the remainder when -1 - -18*(2 - l) is divided by o.
2
Suppose -3*p + 6*p = 0. Suppose k - 14 - 1 = -4*f, -4*k - 3*f + 21 = p. Calculate the remainder when 75 is divided by 77/k + (-17)/(-51).
23
Suppose q = 3*t + 19 + 13, -5 = t. Suppose -5 = -7*h + 6*h. Suppose 221 = h*a - 0*a - p, -4*p = 4*a - 172. What is the remainder when a is divided by q?
10
Suppose 2 = -o + 4*l, 6*l - 4*l = -5*o - 10. Let h be (-3 + o + 7)*2/4. What is the remainder when 19 is divided by (35/(-14))/(h/(-2))?
4
Suppose 0 = -b + 4*o + 307, 5*b + 7*o - 5*o = 1579. Suppose 491 = 26*f - b. Let g = 11 + -4. Calculate the remainder when f is divided by g.
3
Let z(r) = -124*r + 520. What is the remainder when z(2) is divided by 166?
106
What is the remainder when 18 is divided by -4*(3 - 6) + 3?
3
Let k be (-12)/(-40)*2*5. Let l be (-3)/((2/k)/(90/(-27))). Suppose -l = c - 49. Calculate the remainder when 131 is divided by c.
29
Let n(m) = m**2 + 94*m + 195. Calculate the remainder when 1 + (2 - 1) + 95 is divided by n(-92).
9
Let d(r) = -r**2 + 6. Let u be d(2). What is the remainder when 4 is divided by (-5)/u*(-144)/180?
0
Let v(y) = -y**2 - 27*y + 14. Let d = 1252 + -1279. Calculate the remainder when 5*(-8)/10*-13 is divided by v(d).
10
Let c(t) = 78*t - 52 - 165*t + 74*t. Let h be c(-5). Suppose h*r - 420 = r. Calculate the remainder when r is divided by 13.
9
Suppose -39*r = -812 + 461. Calculate the remainder when 789 is divided by r.
6
Suppose -4*j = -3*b - 126, 2*j + 2*b = 7*b + 56. Calculate the remainder when 422 is divided by j.
26
Let j(v) = 4*v + 70. Let z be j(-17). Calculate the remainder when -6 + z + 0 - (-39 - -1) is divided by 12.
10
Suppose -p - 7 + 6 = 0. Let s be 92 - (-3)/p - -2. Suppose -s - 119 = -6*y. Calculate the remainder when y is divided by 9.
8
Suppose -3*q + 20 = q, -4*z + 89 = 5*q. Suppose 58*n = 27*n + 1364. Suppose -33*i + n*i = 649. Calculate the remainder when i is divided by z.
11
Let j(d) = d**2 - 10*d + 22. Suppose 3*r + 21 = 3*f, -7*f + 22 = -6*f + 2*r. What is the remainder when j(f) is divided by 1/((-3)/(-51)) - 1?
14
Let z be (120/48)/((-1)/2). What is the remainder when -1 + (-146)/z + (-4)/(-5) is divided by 10?
9
Let t = 54 + -51. Let i = -42 - t. Let u = i - -71. Calculate the remainder when 73 is divided by u.
21
Suppose 15*l = 313 - 13. Let p = 996 + -988. Calculate the remainder when l is divided by p.
4
Let w(l) = l**2 - 68*l + 352. Let b(h) = -h + 0*h**2 + h**2 - 14 + 10. What is the remainder when w(63) is divided by b(4)?
5
Suppose b + 11 = d, 71*d - 66*d = -b + 49. What is the remainder when 76 is divided by d?
6
Suppose -4634 + 1038 = -31*a. Let v(h) = 5*h + 1. Let x be v(5). Suppose -l + x + 14 = 0. Calculate the remainder when a is divided by l.
36
Let u = 65 + -65. Suppose -7*n + 2*n + 1080 = u. Suppose 21*d - n = 15*d. Calculate the remainder when 140 is divided by d.
32
Let w = -1081 + 1097. Calculate the remainder when 31 is divided by w.
15
Suppose -j - 1 = -4*h - 2, -5*j = 4*h - 53. Suppose -705 = -5*n - 15. Suppose -8 = 5*l - n. What is the remainder when l is divided by j?
8
Let l = 53 - 44. Suppose -3*m + 5*m = 18. Suppose -4*g - 20 = -m*g. What is the remainder when l is divided by g?
1
Let t be (-4)/(-14) - 54/(-7). Let k(p) = p**3 - 11*p**2 - 219*p + 2427. What is the remainder when (-2 - 2)*(-174)/t is divided by k(11)?
15
Suppose 2*r = 4*o - 810, -3*o - r + 100 + 530 = 0. What is the remainder when o is divided by 28?
11
Suppose -3*x = -4*g + 3*g + 15, -4*g + 4*x = -36. Suppose 4*q = 92 + 472. Let v = -100 + q. What is the remainder when v is divided by g?
5
Suppose 0 = 3*i + 5*o - 1293 - 254, -i - 2*o = -516. Calculate the remainder when i is divided by 185.
144
What is the remainder when (-5199)/(-2) - ((-160)/2560)/((-2)/16) is divided by 12?
7
Let t = -493 - -520. Suppose 0 = -t*s + 24*s + 327. What is the remainder when s is divided by 49?
11
Suppose 698 = 4*w - 3*d, 6 = -4*d + 7*d. Calculate the remainder when w is divided by 18.
14
Suppose 7*z - 2132 = 192. What is the remainder when z is divided by 29?
13
Suppose 4*p = -2*s + 104, 0 = -p - 2*s + 91 - 53. Let x = -12 - -28. What is the remainder when p is divided by x?
6
Suppose -97*q + 95*q - 5*d = -1624, -2*q - 7*d + 1632 = 0. Calculate the remainder when q is divided by 47.
3
Let k = 16682 + -16207. Calculate the remainder when 1432 is divided by k.
7
Let j(s) = -549*s + 6212. Calculate the remainder when 175 is divided by j(11).
2
Suppose -5*s = 25, s + 5251 = 2*h + 1614. Calculate the remainder when h is divided by 605.
1
Let d be -6*(2 + -1)*(-12)/4. Suppose 8 = 2*k, y + 2*k - d = 3. What is the remainder when 17 is divided by y?
4
Suppose 2007 = -35*y + 6522. Calculate the remainder when 177 is divided by y.
48
Let k(y) = 69*y - 12. Let w be k(1). Suppose 3*u = 75 - w. What is the remainder when 105 is divided by u?
3
Let p = 43 - 73. Let s = 7 - p. Suppose -3*m + 5*m + 5*d - 72 = 0, m + 2*d = s. Calculate the remainder when m is divided by 14.
13
Suppose 7*g - 125 - 57 = 0. Calculate the remainder when 13/26 + (-4125)/(-10) is divided by g.
23
Calculate the remainder when 187 is divided by (1/(4/66))/((-549)/(-3660)).
77
Let m = 1884 + -1869. Suppose -5*t + 15 = 0, 2*t - 12 = -2*r + 4*t. What is the remainder when m is divided by r?
6
Let a be 24/9*((-11)/4 - 1). Let k(r) = -r**3 + 2*r**2 - r + 1. Let c be k(2). What is the remainder when (a/25)/(c/115) is divided by 12?
10
Let u(p) = 6 - 5*p - 13 - 12 - 15. Calculate the remainder when 43 is divided by u(-9).
10
Let c(d) = -23*d - 26. Let n(k) = k**3 - 5*k**2 - 15*k + 52. Let v be n(6). What is the remainder when 216 is divided by c(v)?
16
Let j(c) = -c + 9. Let h = 92 + -88. Let d = 96 + -54. Calculate the remainder when d is divided by j(h).
2
Suppose -4 = -4*h, -5*h = -z - 19 - 17. What is the remainder when 22 + -29 - z*6 is divided by 37?
31
Suppose 3*i + 0 = -5*x - 1, 16 = 2*i - 5*x. Suppose i*t + 3*h = 1200, -13*h = -8*h + 25. Calculate the remainder when t is divided by 17.
14
Suppose 0 = 4*o + l - 177, -o = 2*l - 13 - 40. Calculate the remainder when 211 is divided by o.
39
Let t be ((-24)/10)/(6*(-9)/3645). Let v = -159 + t. What is the remainder when 3 is divided by v?
0